 Let b(p) be the second derivative of k(p). Calculate b(2).
6
Let u = 97/240 - -1/80. Let l(z) be the second derivative of 2/3*z**3 - 1/20*z**5 + 7/2*z**2 + 0 + u*z**4 - 9*z. Calculate l(6).
-5
Suppose -5*b - 2*p + 29 = 0, 4*b - 4*p = -0*p + 12. Let a = -9 + 19. Let n(u) = -4*u - 5*u + a*u - 3. What is n(b)?
2
Let j(p) be the second derivative of p**3/6 - p**2 - 160*p. Determine j(-1).
-3
Suppose -3*u + 2*m + 33 - 22 = 0, -3*m = 2*u - 29. Let c(n) = -1 - 4*n + 4 + n**2 - 4*n + 5. Calculate c(u).
1
Let j(h) = 9*h + 2. Let m be j(-2). Let z be 4/m - (-57)/(-12). Let s(c) = c. Let d(n) = 5*n - 3. Let k(t) = 2*d(t) - 14*s(t). Calculate k(z).
14
Let o(w) = -w**2 - 4*w + 1. Let y(n) be the third derivative of -n**5/30 - 11*n**4/24 + n**3/2 - 17*n**2. Let g(r) = 8*o(r) - 3*y(r). What is g(-2)?
-11
Let r(l) be the first derivative of l**3/3 + 11*l**2/2 + 9*l + 68. Determine r(-6).
-21
Let h(d) = 2*d**3 - d**2 - 2 + 5*d**2 - 2*d - d**3. Let k be 6 - (25/5 - -5). Determine h(k).
6
Let z(a) be the first derivative of a**7/280 + a**4/24 + 16*a**3/3 - 18. Let c(x) be the third derivative of z(x). Determine c(-1).
-2
Let p = -1 - -9. Let u(q) = 27 + 14 - p*q + 3*q**2 - 3*q**3 - 9. Let k(j) = j**3 - j**2 + 3*j - 11. Let m(c) = 11*k(c) + 4*u(c). Determine m(0).
7
Let q be (-9)/2*(-28)/63. Let l(g) = 6*g**3 - 6*g**2 + g + 7. Let v(n) = 5*n**3 - 5*n**2 + 6. Let p(y) = 3*l(y) - 4*v(y). Give p(q).
-5
Suppose 4*h - 2*h - 3*l = 16, 3*l = -h - 10. Suppose 5 = 5*j - 2*y + 27, -h*j - y - 16 = 0. Let f(w) = w + 6. Give f(j).
0
Let p be (-5 - -1) + 5 + 1. Let z(a) = -3 + a**p + a**2 - 4*a + 4*a**3 - 7*a**2 - 5*a**3. What is z(-2)?
-7
Let x(v) = -2*v + 21. Let b(c) = -2*c + 17. Let l(f) = -5*b(f) + 4*x(f). Calculate l(-8).
-17
Let v(x) be the first derivative of -x**4/4 - 18*x - 56. What is v(0)?
-18
Let y(j) = 4*j**2 - j + 6. Let i be y(3). Suppose 0*k + i = -5*l + 3*k, -l - 4*k = -6. Let t(g) = -g**3 - 6*g**2 - 2*g - 9. Determine t(l).
3
Let c(n) = 2*n**2 + 5*n - 15. Let o(y) = 74*y - 228. Let p be o(3). Give c(p).
27
Let f(t) = 3*t**2 - 56*t - 16. Let z be f(19). Let x(o) be the first derivative of o**2 - 1/3*o**z - 13 + 0*o. Determine x(1).
1
Let j(h) = -2*h**3 - h. Let i be j(0). Suppose i = 3*t + 7*t + 60. Let d(r) be the third derivative of r**4/24 + r**3/6 + 2*r**2. Calculate d(t).
-5
Let o(w) = -w**3 - 8*w**2 + 3*w + 2. Suppose 2*s - 2*i + i + 14 = 0, -4*i = 8. Calculate o(s).
-22
Let r(i) = -4*i - 9. Let b be r(6). Let k = b + 29. Let n(j) = -j. Determine n(k).
4
Let y(u) = u**3. Suppose -2 = -0*p + p - 2*f, 0 = -2*p + 5*f - 5. Give y(p).
0
Let z = -157 + 285. Let y(u) = 3*u**2 + z*u**3 - 1 - 1 + 6 - 127*u**3. Calculate y(-4).
-12
Let z(c) be the third derivative of 1/8*c**4 + 0 + 0*c + 10*c**2 + 1/2*c**3. What is z(-5)?
-12
Let t(s) = s**2 - 68*s + s**2 - 56*s + 11 + 134*s. Give t(-6).
23
Let v be (12 - 15)/(3/(-4)). Suppose 18 - 2 = v*h. Let j(p) = 0 - 3 + 2*p + 10 - h*p. Determine j(6).
-5
Let a(z) = 0 + 8636*z**2 - 8637*z**2 + z + 7*z + 18 - z. Determine a(10).
-12
Let z(r) = -r**3 + 5*r**2 + 5*r + 7. Let k(o) = -o**3 - o + 12. Let j be k(0). Let i be (-27)/j*(-8)/3. Let d = 0 + i. Calculate z(d).
1
Let t(w) be the third derivative of w**4/6 - 2*w**3 - 211*w**2. Calculate t(7).
16
Let a(f) = 2*f + 4. Let y = -370 + 374. Calculate a(y).
12
Let y = 33 + -31. Let o(z) = y*z**2 + z**3 - 18*z - 17*z + 1 + 34*z. Determine o(-2).
3
Suppose -6*c + 9 = -3. Let u(p) = p**c + 2*p**2 - 4*p**2 - 7*p - 7. Give u(-6).
-1
Let x = 80 + -11. Suppose x + 9 = 13*t. Let d(s) = 2*s + 5. Calculate d(t).
17
Let y(u) = -u**2 - 4*u + 7. Let z(k) = k**2 - 9*k + 16. Let a be z(10). Suppose 8 = 4*q + 3*m + 20, -5*m + a = -q. What is y(q)?
-5
Let w(u) = 3*u**2 + 2*u - 11. Let s(q) = -4*q**2 - q + 12. Let t(p) = 2*s(p) + 3*w(p). Let i be t(-5). Let d(n) = 5*n + 6. Give d(i).
-14
Suppose -110 = 34*w - 8. Let q(h) = -h - 1. Determine q(w).
2
Let z(t) = -2176*t + 1087*t + 7 + 1090*t + 6. What is z(-10)?
3
Let x be (76/(-133))/(2/(-7)). Let s(w) = -w - 4. Give s(x).
-6
Let d(i) = -i**2 + 2. Let p be d(2). Let j = p - -5. Suppose 6 = -2*w, -2*z - j*w = 2*z + 17. Let k(h) = 5*h + 3. What is k(z)?
-7
Suppose 4*n + 2*y - 46 = -6, 3*n + y = 31. Let u(o) = -o - 2. Let w(r) = -6*r - 11. Let a(t) = n*u(t) - 2*w(t). Give a(2).
2
Let i = 3 - 2. Let f(b) = -b**2 + 4*b**2 + 6*b**2 + i. Let r = 184 - 185. Calculate f(r).
10
Let i(l) = l**2 - 8*l - 1. Let h(d) = 3*d**2 - 27*d - 3. Let k(v) = -2*h(v) + 7*i(v). Give k(6).
23
Let t(y) = 2*y**2 + 2*y + 3. Let n(r) = -r**3 - r + 3. Let k be n(0). Let b(q) = -3*q**2 - 4*q - 5. Let l(f) = k*b(f) + 5*t(f). Determine l(3).
3
Let i(y) = -4*y**3 + y**2 - y. Let a(b) = 4*b**2 - 22*b + 11. Let d be a(5). Give i(d).
-4
Let v = -32 + 38. Let r(q) = -q**2 + 5*q - 1. Give r(v).
-7
Let f(c) = 77*c - 5 - c**2 - 83*c - 1. Suppose 0 = -o + 2*o - 5. Suppose -15 + 35 = -o*u. What is f(u)?
2
Let u(a) = a**2 - 27*a + 29. Let t be u(26). Let b(i) = -i**2 + 5*i. Give b(t).
6
Let n(t) = 3*t + 18. Let h = -1691 - -1679. Calculate n(h).
-18
Let o(t) = -t**3 - 2*t**2 - 4. Let q(c) = c**3 + 2*c**2 - 3*c - 3. Suppose 6 + 3 = -3*r. Let w be q(r). Let z be o(w). Let j(a) = a - 5. Give j(z).
0
Let m(s) be the second derivative of s**5/20 - 5*s**4/12 - s**3/6 + 5*s**2/2 + 4*s - 100. Give m(4).
-15
Let u(w) = -2 - 29 + w**2 - 18 + 10 + 16*w. Let n be u(-18). Let b(t) = t**2 - 4. What is b(n)?
5
Let k = 73 - 52. Let d = -21 + k. Let n = 4 + d. Let z(i) = -i**3 + 4*i**2 - i - 2. Determine z(n).
-6
Let x(w) = -4*w - 2*w + w + 59 - 55 + 6*w. What is x(8)?
12
Let a be 12/18*(2/4 + 4). Let d(r) be the third derivative of 0 - 8*r**2 - 1/2*r**a + 0*r - 1/20*r**5 - 1/8*r**4. Determine d(-2).
-9
Let u = 5 - 1. Suppose 0 = -3*h - 2*w + 27 - 15, -5*h + 5*w - 5 = 0. Let c be h + 5 - (u + -2). Let x(f) = f. Give x(c).
5
Let p(o) = -2*o - 2. Let c(y) be the third derivative of -y**4/12 - y**2 - 26. Let a(d) = -5*c(d) + 4*p(d). Calculate a(4).
0
Let t be (-2)/(-9) + (-7)/(-9). Suppose 0*u - c + 7 = 2*u, -3*c + t = u. Let x(a) = -a**3 + 2*a**2 + 5*a + 3. What is x(u)?
-9
Suppose 4*h = -12 - 12. Let n(t) be the first derivative of -t**4/4 - 7*t**3/3 - 9*t**2/2 - 7*t + 1370. Determine n(h).
11
Let f(t) = 5*t**2 + 15. Let q(c) = -2*c**2 - 7. Let b(x) = 6*f(x) + 13*q(x). Let r = 3 - 1. Suppose -2*s - r = -0. Determine b(s).
3
Let w(j) be the third derivative of 1/6*j**3 + 0 + 1/12*j**4 + 0*j + 1/10*j**5 + 2*j**2. Determine w(-1).
5
Suppose 51*i - 200 - 106 = 0. Let u(c) be the second derivative of c**3/2 - 6*c**2 - c. Let w be u(i). Let b(y) = -y**2 + 4*y + 5. What is b(w)?
-7
Let h(u) = u**3 + 5*u**2 - 2*u - 6. Suppose -12*k - 5*j = -11*k + 30, -10 = 3*k - j. Determine h(k).
4
Let y(n) = -6*n + 4 + 0*n + 8*n - 6*n. Give y(2).
-4
Let z(m) = 2*m**2 - m + 1. Let y(r) = r**3 + 17*r**2 - 17*r - 6. Let i(g) = y(g) - 5*z(g). Determine i(-8).
21
Let p(c) = -c + 5. Suppose -30 = 14*w - 20*w. Let y be w/2*(20/5)/(-2). Give p(y).
10
Suppose 3*l - 3 - 9 = 0. Suppose -1 - l = -d. Let o(z) = z**3 - 6*z**2 + 7*z - 5. Determine o(d).
5
Let b(a) = -a**2 - 4*a + 1. Let v = 2 + -11. Let f = -12 - v. Determine b(f).
4
Let v = -24 - -27. Let z(u) = -3*u**2 - 14*u - 20*u + 32*u + 1 + u**v. Calculate z(3).
-5
Let z(i) = -i + i - 1 - 2*i**2 + 4*i**2 + i. Let m(x) = 1. Let o(y) = y**2 + 3*y + 3. Let s(t) = 4*m(t) - o(t). Let c be s(-3). Calculate z(c).
2
Let v(h) be the first derivative of -h**4/4 + 7*h**3/3 + h**2/2 - 2*h + 59. Calculate v(7).
5
Let g(t) = 49*t**2 - t + 2 + 6*t**3 - 46*t**2 - 7*t**3. What is g(3)?
-1
Let c = 19 - 1. Suppose -2*y = -3*m + 2*y + 14, -5*m + 4*y = -c. Let t(o) be the second derivative of o**4/6 - o**3/3 + o**2 - o. Give t(m).
6
Let s(f) = f**2 + 9*f - 8. Let u be (1 + (-13)/(-5))/((-117)/(-5070)). Suppose 70 = -163*x + u*x. Determine s(x).
2
Let d(s) = 4*s**2 - 196*s + 13. Let k be d(49). Let v(r) = r**2 - 10*r - 6. Calculate v(k).
33
Let n(x) = -40*x**2. Let j be -2*((-36)/60)/(6/(-5)). What is n(j)?
-40
Suppose -y = 11*y. Let f(d) be the second derivative of d**4/12 + 5*d**2 - 2*d. Calculate f(y).
10
Let h(w) = -w - 1. Let i be (-10)/3 - 4/6. Let r(p) be the first derivative of -p**3/3 - 5*p**2/2 + 2*p + 50. Let k be r(i). Calculate h(k).
-7
Let h(w) = 2*w + 1. Let i be -3*8/6 - 0/5. Let l be h(i). 